digit of 579609?
5
What is the hundreds digit of 17140233?
2
What is the units digit of 197277?
7
What is the hundreds digit of 128095?
0
What is the hundred thousands digit of 20078313?
0
What is the ten thousands digit of 945308?
4
What is the hundred thousands digit of 1354466?
3
What is the tens digit of 218606?
0
What is the tens digit of 183359?
5
What is the hundreds digit of 6550757?
7
What is the millions digit of 1976653?
1
What is the hundreds digit of 6727451?
4
What is the hundred thousands digit of 1311627?
3
What is the hundreds digit of 2376672?
6
What is the ten thousands digit of 276184?
7
What is the tens digit of 921319?
1
What is the thousands digit of 562136?
2
What is the units digit of 5765890?
0
What is the ten thousands digit of 195498?
9
What is the millions digit of 5654404?
5
What is the units digit of 6895?
5
What is the hundreds digit of 440459?
4
What is the units digit of 308137?
7
What is the thousands digit of 554182?
4
What is the ten thousands digit of 11437415?
3
What is the units digit of 5542503?
3
What is the hundreds digit of 103351?
3
What is the tens digit of 208478?
7
What is the units digit of 3930625?
5
What is the millions digit of 2629723?
2
What is the units digit of 751464?
4
What is the ten thousands digit of 7539416?
3
What is the hundred thousands digit of 614411?
6
What is the ten thousands digit of 567942?
6
What is the units digit of 190344?
4
What is the thousands digit of 3168547?
8
What is the ten thousands digit of 6945982?
4
What is the ten thousands digit of 5981076?
8
What is the thousands digit of 609390?
9
What is the hundred thousands digit of 162956?
1
What is the hundred thousands digit of 12759080?
7
What is the units digit of 379787?
7
What is the hundred thousands digit of 552346?
5
What is the units digit of 4440029?
9
What is the hundreds digit of 81579?
5
What is the thousands digit of 2420589?
0
What is the thousands digit of 11138901?
8
What is the units digit of 24775095?
5
What is the hundreds digit of 3787000?
0
What is the thousands digit of 647245?
7
What is the tens digit of 240834?
3
What is the thousands digit of 1616289?
6
What is the ten thousands digit of 165969?
6
What is the thousands digit of 7222940?
2
What is the millions digit of 13022358?
3
What is the hundreds digit of 29951762?
7
What is the ten thousands digit of 1313997?
1
What is the ten thousands digit of 554583?
5
What is the thousands digit of 322154?
2
What is the tens digit of 129650?
5
What is the millions digit of 1911129?
1
What is the hundred thousands digit of 4854318?
8
What is the hundred thousands digit of 436533?
4
What is the hundred thousands digit of 1067038?
0
What is the thousands digit of 1041845?
1
What is the tens digit of 194504?
0
What is the hundreds digit of 12579920?
9
What is the hundreds digit of 10826?
8
What is the units digit of 596371?
1
What is the hundred thousands digit of 9256772?
2
What is the ten thousands digit of 830140?
3
What is the tens digit of 174232?
3
What is the units digit of 1012117?
7
What is the units digit of 1364241?
1
What is the millions digit of 8416600?
8
What is the tens digit of 594457?
5
What is the millions digit of 3820422?
3
What is the hundred thousands digit of 4163339?
1
What is the tens digit of 2928140?
4
What is the units digit of 45922?
2
What is the ten thousands digit of 3817771?
1
What is the thousands digit of 584149?
4
What is the tens digit of 744529?
2
What is the tens digit of 47428?
2
What is the hundreds digit of 25169497?
4
What is the ten millions digit of 30624398?
3
What is the units digit of 1574996?
6
What is the hundreds digit of 656346?
3
What is the tens digit of 2689363?
6
What is the tens digit of 476110?
1
What is the ten thousands digit of 150454?
5
What is the thousands digit of 17177415?
7
What is the ten thousands digit of 198428?
9
What is the units digit of 526386?
6
What is the units digit of 2419762?
2
What is the hundreds digit of 85321?
3
What is the hundred thousands digit of 10324001?
3
What is the thousands digit of 283855?
3
What is the millions digit of 2661827?
2
What is the units digit of 2663544?
4
What is the thousands digit of 376109?
6
What is the thousands digit of 597046?
7
What is the millions digit of 14086998?
4
What is the tens digit of 102133?
3
What is the units digit of 14213378?
8
What is the ten thousands digit of 335270?
3
What is the ten millions digit of 18566663?
1
What is the hundred thousands digit of 2793159?
7
What is the hundreds digit of 129698?
6
What is the units digit of 178012?
2
What is the hundred thousands digit of 315224?
3
What is the thousands digit of 10203400?
3
What is the hundreds digit of 1410919?
9
What is the thousands digit of 3539808?
9
What is the hundred thousands digit of 6617359?
6
What is the ten thousands digit of 3014462?
1
What is the millions digit of 5801366?
5
What is the millions digit of 2384932?
2
What is the thousands digit of 1104702?
4
What is the thousands digit of 3183533?
3
What is the ten thousands digit of 9711255?
1
What is the units digit of 2198380?
0
What is the tens digit of 21247822?
2
What is the hundreds digit of 95321?
3
What is the hundreds digit of 2448055?
0
What is the ten millions digit of 17195194?
1
What is the thousands digit of 397602?
7
What is the hundred thousands digit of 8923091?
9
What is the hundred thousands digit of 1647161?
6
What is the hundred thousands digit of 1453926?
4
What is the hundred thousands digit of 489555?
4
What is the hundred thousands digit of 132927?
1
What is the hundreds digit of 1708548?
5
What is the ten thousands digit of 294316?
9
What is the units digit of 594776?
6
What is the tens digit of 6917063?
6
What is the hundreds digit of 1355895?
8
What is the tens digit of 198049?
4
What is the hundreds digit of 28730296?
2
What is the millions digit of 2292075?
2
What is the hundreds digit of 269089?
0
What is the units digit of 16526994?
4
What is the units digit of 12746890?
0
What is the hundred thousands digit of 1629713?
6
What is the hundreds digit of 63481?
4
What is the tens digit of 724488?
8
What is the thousands digit of 213725?
3
What is the millions digit of 5081222?
5
What is the units digit of 5564735?
5
What is the units digit of 74261?
1
What is the ten thousands digit of 44931?
4
What is the tens digit of 25082?
8
What is the thousands digit of 4605719?
5
What is the ten thousands digit of 27774804?
7
What is the hundreds digit of 192387?
3
What is the thousands digit of 13619046?
9
What is the ten thousands digit of 154453?
5
What is the ten millions digit of 29275702?
2
What is the hundreds digit of 5034684?
6
What is the ten thousands digit of 340459?
4
What is the tens digit of 349180?
8
What is the hundreds digit of 6541575?
5
What is the thousands digit of 1436297?
6
What is the ten millions digit of 16359596?
1
What is the thousands digit of 2425739?
5
What is the thousands digit of 14316182?
6
What is the millions digit of 5200180?
5
What is the hundreds digit of 5219116?
1
What is the thousands digit of 130029?
0
What is the ten thousands digit of 933829?
3
What is the thousands digit of 616217?
6
What is the ten thousands digit of 15633681?
3
What is the ten millions digit of 24281909?
2
What is the units digit of 959165?
5
What is the thousands digit of 13622359?
2
What is the hundreds digit of 908043?
0
What is the hundred thousands digit of 407084?
4
What is the thousands digit of 35960953?
0
What is the tens digit of 11244716?
1
What is the units digit of 7460349?
9
What is the thousands digit of 193434?
3
What is the hundred thousands digit of 1380261?
3
What is the hundreds digit of 8857970?
9
What is the millions digit of 3882143?
3
What is the tens digit of 2000309?
0
What is the ten thousands digit of 14980831?
8
What is the units digit of 1381756?
6
What is the tens digit of 286339?
3
What is the ten millions digit of 12532476?
1
What is the thousands digit of 987549?
7
What is the ten thousands digit of 1056506?
5
What is the units digit of 5764871?
1
What is the units digit of 271381?
1
What is the ten thousands digit of 74904?
7
What is the ten thousands digit of 3384095?
8
What is the hundreds digit of 247487?
4
What is the hu